{"id":1735,"date":"2025-08-08T08:37:47","date_gmt":"2025-08-08T08:37:47","guid":{"rendered":"https:\/\/staging.irccs.com\/?post_type=doctor&#038;p=1735"},"modified":"2025-11-07T13:09:38","modified_gmt":"2025-11-07T13:09:38","slug":"riccardo-faletti","status":"publish","type":"doctor","link":"https:\/\/irccs.com\/it\/doctor\/riccardo-faletti\/","title":{"rendered":"Riccardo Faletti"},"content":{"rendered":"\n<p>Il <strong>Prof. Riccardo Faletti<\/strong> \u00e8 medico specialista in Radiodiagnostica, con un\u2019ampia esperienza nel campo della diagnostica per immagini cardiovascolare e addominale. <\/p>\n\n\n\n<p>Attualmente \u00e8 <strong>Professore Associato di Radiologia<\/strong> presso il Dipartimento di Scienze Chirurgiche dell\u2019Universit\u00e0 degli Studi di Torino, dove svolge attivit\u00e0 didattica e di ricerca.<\/p>\n\n\n\n<p>Dal 2025 \u00e8 <strong>Direttore dell&#8217;Unit\u00e0 di Radiodiagnostica a Direzione Universitaria dell&#8217;Istituto IRCCS di Candiolo, <\/strong>dove coordina l&#8217;attivit\u00e0 clinica e di ricerca. <\/p>\n\n\n\n<p>Si \u00e8 laureato in Medicina e Chirurgia presso l\u2019Universit\u00e0 degli Studi di Torino nel 2004 e nel 2008 si specializzato in Radiodiagnostica presso la stessa universit\u00e0.<\/p>\n\n\n\n<p>La sua carriera professionale inizia nel 2010 presso l\u2019AOU Citt\u00e0 della Salute e della Scienza di Torino, dove sviluppa competenze avanzate in diagnostica cardiovascolare, epatica e oncologica. Nel 2013 intraprende il percorso universitario come ricercatore presso il Dipartimento di Scienze Chirurgiche dell\u2019Universit\u00e0 di Torino, e dal 2021 ricopre il ruolo di Professore Associato di Radiologia nello stesso Ateneo, dove coordina attivit\u00e0 di ricerca, formazione specialistica e didattica universitaria.<\/p>\n\n\n\n<p>Il Professor Faletti ha partecipato, in qualit\u00e0 di investigatore principale o co-investigatore, a numerosi progetti di ricerca nazionali e internazionali nel campo della diagnostica per immagini, con particolare attenzione a cardio-TC, cardio-RM, radiomica e imaging multiparametrico.<\/p>\n\n\n\n<p>\u00c8 autore e coautore di numerose pubblicazioni scientifiche su riviste nazionali e internazionali indicizzate nel settore della radiologia clinica e sperimentale.<\/p>\n\n\n\n<p>Il Professor Faletti \u00e8 membro attivo di diverse societ\u00e0 scientifiche nazionali e internazionali, tra cui la Societ\u00e0 Italiana di Radiologia Medica (SIRM), la European Society of Radiology (ESR), la European Society of Cardiac Radiology (ESCR), la Sezione di Cardioradiologia della SIRM.<\/p>\n","protected":false},"featured_media":2341,"template":"","meta":{"_acf_changed":false},"qualifica":[39],"ruolo":[32],"class_list":["post-1735","doctor","type-doctor","status-publish","has-post-thumbnail","hentry","qualifica-medico","ruolo-direttore"],"acf":[],"yoast_head":"<!-- This site is optimized with the Yoast SEO plugin v27.4 - https:\/\/yoast.com\/product\/yoast-seo-wordpress\/ -->\n<title>Riccardo Faletti - Istituto di Candiolo<\/title>\n<meta name=\"description\" content=\"Il Prof. Riccardo Faletti \u00e8 medico specialista in Radiodiagnostica, con un\u2019ampia esperienza nel campo della diagnostica per immagini cardiovascolare e\" \/>\n<meta name=\"robots\" content=\"index, follow, max-snippet:-1, max-image-preview:large, max-video-preview:-1\" \/>\n<link rel=\"canonical\" href=\"https:\/\/irccs.com\/it\/doctor\/riccardo-faletti\/\" \/>\n<meta property=\"og:locale\" content=\"it_IT\" \/>\n<meta property=\"og:type\" content=\"article\" \/>\n<meta property=\"og:title\" content=\"Riccardo Faletti - Istituto di Candiolo\" \/>\n<meta property=\"og:description\" content=\"Il Prof. Riccardo Faletti \u00e8 medico specialista in Radiodiagnostica, con un\u2019ampia esperienza nel campo della diagnostica per immagini cardiovascolare e\" \/>\n<meta property=\"og:url\" content=\"https:\/\/irccs.com\/it\/doctor\/riccardo-faletti\/\" \/>\n<meta property=\"og:site_name\" content=\"Istituto di Candiolo\" \/>\n<meta property=\"article:publisher\" content=\"https:\/\/www.facebook.com\/istitutodicandiolo\/\" \/>\n<meta property=\"article:modified_time\" content=\"2025-11-07T13:09:38+00:00\" \/>\n<meta property=\"og:image\" content=\"https:\/\/irccs.com\/wp-content\/uploads\/2025\/08\/Foto_1-Modificata-scaled.png\" \/>\n\t<meta property=\"og:image:width\" content=\"844\" \/>\n\t<meta property=\"og:image:height\" content=\"1024\" \/>\n\t<meta property=\"og:image:type\" content=\"image\/png\" \/>\n<meta name=\"twitter:card\" content=\"summary_large_image\" \/>\n<meta name=\"twitter:site\" content=\"@fpoirccs\" \/>\n<meta name=\"twitter:label1\" content=\"Tempo di lettura stimato\" \/>\n\t<meta name=\"twitter:data1\" content=\"2 minuti\" \/>\n<script type=\"application\/ld+json\" class=\"yoast-schema-graph\">{\"@context\":\"https:\\\/\\\/schema.org\",\"@graph\":[{\"@type\":\"WebPage\",\"@id\":\"https:\\\/\\\/irccs.com\\\/it\\\/doctor\\\/riccardo-faletti\\\/\",\"url\":\"https:\\\/\\\/irccs.com\\\/it\\\/doctor\\\/riccardo-faletti\\\/\",\"name\":\"Riccardo Faletti - Istituto di Candiolo\",\"isPartOf\":{\"@id\":\"https:\\\/\\\/irccs.com\\\/it\\\/#website\"},\"primaryImageOfPage\":{\"@id\":\"https:\\\/\\\/irccs.com\\\/it\\\/doctor\\\/riccardo-faletti\\\/#primaryimage\"},\"image\":{\"@id\":\"https:\\\/\\\/irccs.com\\\/it\\\/doctor\\\/riccardo-faletti\\\/#primaryimage\"},\"thumbnailUrl\":\"https:\\\/\\\/irccs.com\\\/wp-content\\\/uploads\\\/2025\\\/08\\\/Foto_1-Modificata-scaled.png\",\"datePublished\":\"2025-08-08T08:37:47+00:00\",\"dateModified\":\"2025-11-07T13:09:38+00:00\",\"description\":\"Il Prof. Riccardo Faletti \u00e8 medico specialista in Radiodiagnostica, con un\u2019ampia esperienza nel campo della diagnostica per immagini cardiovascolare e\",\"breadcrumb\":{\"@id\":\"https:\\\/\\\/irccs.com\\\/it\\\/doctor\\\/riccardo-faletti\\\/#breadcrumb\"},\"inLanguage\":\"it-IT\",\"potentialAction\":[{\"@type\":\"ReadAction\",\"target\":[\"https:\\\/\\\/irccs.com\\\/it\\\/doctor\\\/riccardo-faletti\\\/\"]}]},{\"@type\":\"ImageObject\",\"inLanguage\":\"it-IT\",\"@id\":\"https:\\\/\\\/irccs.com\\\/it\\\/doctor\\\/riccardo-faletti\\\/#primaryimage\",\"url\":\"https:\\\/\\\/irccs.com\\\/wp-content\\\/uploads\\\/2025\\\/08\\\/Foto_1-Modificata-scaled.png\",\"contentUrl\":\"https:\\\/\\\/irccs.com\\\/wp-content\\\/uploads\\\/2025\\\/08\\\/Foto_1-Modificata-scaled.png\",\"width\":2111,\"height\":2560},{\"@type\":\"BreadcrumbList\",\"@id\":\"https:\\\/\\\/irccs.com\\\/it\\\/doctor\\\/riccardo-faletti\\\/#breadcrumb\",\"itemListElement\":[{\"@type\":\"ListItem\",\"position\":1,\"name\":\"Home\",\"item\":\"https:\\\/\\\/irccs.com\\\/it\\\/\"},{\"@type\":\"ListItem\",\"position\":2,\"name\":\"Riccardo Faletti\"}]},{\"@type\":\"WebSite\",\"@id\":\"https:\\\/\\\/irccs.com\\\/it\\\/#website\",\"url\":\"https:\\\/\\\/irccs.com\\\/it\\\/\",\"name\":\"INOC\",\"description\":\"\",\"potentialAction\":[{\"@type\":\"SearchAction\",\"target\":{\"@type\":\"EntryPoint\",\"urlTemplate\":\"https:\\\/\\\/irccs.com\\\/it\\\/?s={search_term_string}\"},\"query-input\":{\"@type\":\"PropertyValueSpecification\",\"valueRequired\":true,\"valueName\":\"search_term_string\"}}],\"inLanguage\":\"it-IT\"}]}<\/script>\n<!-- \/ Yoast SEO plugin. -->","yoast_head_json":{"title":"Riccardo Faletti - Istituto di Candiolo","description":"Il Prof. Riccardo Faletti \u00e8 medico specialista in Radiodiagnostica, con un\u2019ampia esperienza nel campo della diagnostica per immagini cardiovascolare e","robots":{"index":"index","follow":"follow","max-snippet":"max-snippet:-1","max-image-preview":"max-image-preview:large","max-video-preview":"max-video-preview:-1"},"canonical":"https:\/\/irccs.com\/it\/doctor\/riccardo-faletti\/","og_locale":"it_IT","og_type":"article","og_title":"Riccardo Faletti - Istituto di Candiolo","og_description":"Il Prof. Riccardo Faletti \u00e8 medico specialista in Radiodiagnostica, con un\u2019ampia esperienza nel campo della diagnostica per immagini cardiovascolare e","og_url":"https:\/\/irccs.com\/it\/doctor\/riccardo-faletti\/","og_site_name":"Istituto di Candiolo","article_publisher":"https:\/\/www.facebook.com\/istitutodicandiolo\/","article_modified_time":"2025-11-07T13:09:38+00:00","og_image":[{"url":"https:\/\/irccs.com\/wp-content\/uploads\/2025\/08\/Foto_1-Modificata-scaled.png","width":844,"height":1024,"type":"image\/png"}],"twitter_card":"summary_large_image","twitter_site":"@fpoirccs","twitter_misc":{"Tempo di lettura stimato":"2 minuti"},"schema":{"@context":"https:\/\/schema.org","@graph":[{"@type":"WebPage","@id":"https:\/\/irccs.com\/it\/doctor\/riccardo-faletti\/","url":"https:\/\/irccs.com\/it\/doctor\/riccardo-faletti\/","name":"Riccardo Faletti - Istituto di Candiolo","isPartOf":{"@id":"https:\/\/irccs.com\/it\/#website"},"primaryImageOfPage":{"@id":"https:\/\/irccs.com\/it\/doctor\/riccardo-faletti\/#primaryimage"},"image":{"@id":"https:\/\/irccs.com\/it\/doctor\/riccardo-faletti\/#primaryimage"},"thumbnailUrl":"https:\/\/irccs.com\/wp-content\/uploads\/2025\/08\/Foto_1-Modificata-scaled.png","datePublished":"2025-08-08T08:37:47+00:00","dateModified":"2025-11-07T13:09:38+00:00","description":"Il Prof. Riccardo Faletti \u00e8 medico specialista in Radiodiagnostica, con un\u2019ampia esperienza nel campo della diagnostica per immagini cardiovascolare e","breadcrumb":{"@id":"https:\/\/irccs.com\/it\/doctor\/riccardo-faletti\/#breadcrumb"},"inLanguage":"it-IT","potentialAction":[{"@type":"ReadAction","target":["https:\/\/irccs.com\/it\/doctor\/riccardo-faletti\/"]}]},{"@type":"ImageObject","inLanguage":"it-IT","@id":"https:\/\/irccs.com\/it\/doctor\/riccardo-faletti\/#primaryimage","url":"https:\/\/irccs.com\/wp-content\/uploads\/2025\/08\/Foto_1-Modificata-scaled.png","contentUrl":"https:\/\/irccs.com\/wp-content\/uploads\/2025\/08\/Foto_1-Modificata-scaled.png","width":2111,"height":2560},{"@type":"BreadcrumbList","@id":"https:\/\/irccs.com\/it\/doctor\/riccardo-faletti\/#breadcrumb","itemListElement":[{"@type":"ListItem","position":1,"name":"Home","item":"https:\/\/irccs.com\/it\/"},{"@type":"ListItem","position":2,"name":"Riccardo Faletti"}]},{"@type":"WebSite","@id":"https:\/\/irccs.com\/it\/#website","url":"https:\/\/irccs.com\/it\/","name":"INOC","description":"","potentialAction":[{"@type":"SearchAction","target":{"@type":"EntryPoint","urlTemplate":"https:\/\/irccs.com\/it\/?s={search_term_string}"},"query-input":{"@type":"PropertyValueSpecification","valueRequired":true,"valueName":"search_term_string"}}],"inLanguage":"it-IT"}]}},"_links":{"self":[{"href":"https:\/\/irccs.com\/it\/wp-json\/wp\/v2\/doctor\/1735","targetHints":{"allow":["GET"]}}],"collection":[{"href":"https:\/\/irccs.com\/it\/wp-json\/wp\/v2\/doctor"}],"about":[{"href":"https:\/\/irccs.com\/it\/wp-json\/wp\/v2\/types\/doctor"}],"wp:featuredmedia":[{"embeddable":true,"href":"https:\/\/irccs.com\/it\/wp-json\/wp\/v2\/media\/2341"}],"wp:attachment":[{"href":"https:\/\/irccs.com\/it\/wp-json\/wp\/v2\/media?parent=1735"}],"wp:term":[{"taxonomy":"qualifica","embeddable":true,"href":"https:\/\/irccs.com\/it\/wp-json\/wp\/v2\/qualifica?post=1735"},{"taxonomy":"ruolo","embeddable":true,"href":"https:\/\/irccs.com\/it\/wp-json\/wp\/v2\/ruolo?post=1735"}],"curies":[{"name":"wp","href":"https:\/\/api.w.org\/{rel}","templated":true}]}}

<p>Il <strong>Prof. Riccardo Faletti</strong> è medico specialista in Radiodiagnostica, con un’ampia esperienza nel campo della diagnostica per immagini cardiovascolare e addominale. </p>



<p>Attualmente è <strong>Professore Associato di Radiologia</strong> presso il Dipartimento di Scienze Chirurgiche dell’Università degli Studi di Torino, dove svolge attività didattica e di ricerca.</p>



<p>Dal 2025 è <strong>Direttore dell&#8217;Unità di Radiodiagnostica a Direzione Universitaria dell&#8217;Istituto IRCCS di Candiolo, </strong>dove coordina l&#8217;attività clinica e di ricerca. </p>



<p>Si è laureato in Medicina e Chirurgia presso l’Università degli Studi di Torino nel 2004 e nel 2008 si specializzato in Radiodiagnostica presso la stessa università.</p>



<p>La sua carriera professionale inizia nel 2010 presso l’AOU Città della Salute e della Scienza di Torino, dove sviluppa competenze avanzate in diagnostica cardiovascolare, epatica e oncologica. Nel 2013 intraprende il percorso universitario come ricercatore presso il Dipartimento di Scienze Chirurgiche dell’Università di Torino, e dal 2021 ricopre il ruolo di Professore Associato di Radiologia nello stesso Ateneo, dove coordina attività di ricerca, formazione specialistica e didattica universitaria.</p>



<p>Il Professor Faletti ha partecipato, in qualità di investigatore principale o co-investigatore, a numerosi progetti di ricerca nazionali e internazionali nel campo della diagnostica per immagini, con particolare attenzione a cardio-TC, cardio-RM, radiomica e imaging multiparametrico.</p>



<p>È autore e coautore di numerose pubblicazioni scientifiche su riviste nazionali e internazionali indicizzate nel settore della radiologia clinica e sperimentale.</p>



<p>Il Professor Faletti è membro attivo di diverse società scientifiche nazionali e internazionali, tra cui la Società Italiana di Radiologia Medica (SIRM), la European Society of Radiology (ESR), la European Society of Cardiac Radiology (ESCR), la Sezione di Cardioradiologia della SIRM.</p>

<!-- This site is optimized with the Yoast SEO plugin v27.4 - https://yoast.com/product/yoast-seo-wordpress/ -->
<title>Riccardo Faletti - Istituto di Candiolo</title>
<meta name="description" content="Il Prof. Riccardo Faletti è medico specialista in Radiodiagnostica, con un’ampia esperienza nel campo della diagnostica per immagini cardiovascolare e" />
<meta name="robots" content="index, follow, max-snippet:-1, max-image-preview:large, max-video-preview:-1" />
<link rel="canonical" href="https://irccs.com/it/doctor/riccardo-faletti/" />
<meta property="og:locale" content="it_IT" />
<meta property="og:type" content="article" />
<meta property="og:title" content="Riccardo Faletti - Istituto di Candiolo" />
<meta property="og:description" content="Il Prof. Riccardo Faletti è medico specialista in Radiodiagnostica, con un’ampia esperienza nel campo della diagnostica per immagini cardiovascolare e" />
<meta property="og:url" content="https://irccs.com/it/doctor/riccardo-faletti/" />
<meta property="og:site_name" content="Istituto di Candiolo" />
<meta property="article:publisher" content="https://www.facebook.com/istitutodicandiolo/" />
<meta property="article:modified_time" content="2025-11-07T13:09:38+00:00" />
<meta property="og:image" content="https://irccs.com/wp-content/uploads/2025/08/Foto_1-Modificata-scaled.png" />
	<meta property="og:image:width" content="844" />
	<meta property="og:image:height" content="1024" />
	<meta property="og:image:type" content="image/png" />
<meta name="twitter:card" content="summary_large_image" />
<meta name="twitter:site" content="@fpoirccs" />
<meta name="twitter:label1" content="Tempo di lettura stimato" />
	<meta name="twitter:data1" content="2 minuti" />
<script type="application/ld+json" class="yoast-schema-graph">{"@context":"https:\/\/schema.org","@graph":[{"@type":"WebPage","@id":"https:\/\/irccs.com\/it\/doctor\/riccardo-faletti\/","url":"https:\/\/irccs.com\/it\/doctor\/riccardo-faletti\/","name":"Riccardo Faletti - Istituto di Candiolo","isPartOf":{"@id":"https:\/\/irccs.com\/it\/#website"},"primaryImageOfPage":{"@id":"https:\/\/irccs.com\/it\/doctor\/riccardo-faletti\/#primaryimage"},"image":{"@id":"https:\/\/irccs.com\/it\/doctor\/riccardo-faletti\/#primaryimage"},"thumbnailUrl":"https:\/\/irccs.com\/wp-content\/uploads\/2025\/08\/Foto_1-Modificata-scaled.png","datePublished":"2025-08-08T08:37:47+00:00","dateModified":"2025-11-07T13:09:38+00:00","description":"Il Prof. Riccardo Faletti è medico specialista in Radiodiagnostica, con un’ampia esperienza nel campo della diagnostica per immagini cardiovascolare e","breadcrumb":{"@id":"https:\/\/irccs.com\/it\/doctor\/riccardo-faletti\/#breadcrumb"},"inLanguage":"it-IT","potentialAction":[{"@type":"ReadAction","target":["https:\/\/irccs.com\/it\/doctor\/riccardo-faletti\/"]}]},{"@type":"ImageObject","inLanguage":"it-IT","@id":"https:\/\/irccs.com\/it\/doctor\/riccardo-faletti\/#primaryimage","url":"https:\/\/irccs.com\/wp-content\/uploads\/2025\/08\/Foto_1-Modificata-scaled.png","contentUrl":"https:\/\/irccs.com\/wp-content\/uploads\/2025\/08\/Foto_1-Modificata-scaled.png","width":2111,"height":2560},{"@type":"BreadcrumbList","@id":"https:\/\/irccs.com\/it\/doctor\/riccardo-faletti\/#breadcrumb","itemListElement":[{"@type":"ListItem","position":1,"name":"Home","item":"https:\/\/irccs.com\/it\/"},{"@type":"ListItem","position":2,"name":"Riccardo Faletti"}]},{"@type":"WebSite","@id":"https:\/\/irccs.com\/it\/#website","url":"https:\/\/irccs.com\/it\/","name":"INOC","description":"","potentialAction":[{"@type":"SearchAction","target":{"@type":"EntryPoint","urlTemplate":"https:\/\/irccs.com\/it\/?s={search_term_string}"},"query-input":{"@type":"PropertyValueSpecification","valueRequired":true,"valueName":"search_term_string"}}],"inLanguage":"it-IT"}]}</script>
<!-- / Yoast SEO plugin. -->

Il Prof. Riccardo Faletti è medico specialista in Radiodiagnostica, con un’ampia esperienza nel campo della diagnostica per immagini cardiovascolare e
